0 + 15?
3
What is -6 + 25 - (-12 - -32)?
-1
Calculate 8 - -2 - 8 - -17.
19
-1 + -1 - (29 - (0 - -32))
1
Evaluate -10 + (-4 - 7) + 24 + 0 + 1.
4
Evaluate -14 + 4 + 2 + -8 + 27 + 10.
21
What is the value of (3 - (-2 + 3 + 3)) + 9 - 27?
-19
What is (68 - 79) + 1 + 0 + 5 + 3?
-2
-2 + (14 - (-7 - -19))
0
Calculate (45 - (-16 - -21)) + -26.
14
Calculate (55 - 47) + 2 + -1.
9
Calculate 10 + -11 + 1 + 10 + -1.
9
Calculate (16 - (26 - 12)) + -9.
-7
Calculate (5 - 45) + 10 + 14.
-16
94 + -116 - (1 - -3 - 18)
-8
What is the value of -4 + (-52 - -16) - -20?
-20
What is the value of -5 + 11 + 11 + -11 - -12?
18
Calculate 1 - (24 - 16 - -13).
-20
30 - 14 - (0 + 18)
-2
Evaluate -10 - (-2 - 1) - (-10 - 13).
16
What is the value of (-241 - -229) + (2 - ((-4 - -2) + 3))?
-11
What is the value of 24 + (-3 - 16) - 20?
-15
What is -5 + (-1 - ((-23 - -8) + 7))?
2
What is the value of (17 - (14 - (9 + -11))) + 17?
18
What is the value of (-82 - -84) + -4 + -2 + 11?
7
(25 - 3) + -1 + -163 + 176
34
What is (-10 - (-47 + 20)) + -6?
11
What is 8 + (21 + -17 - ((0 - -1) + 2))?
9
What is -21 + -1 + -7 + -30 + 41?
-18
37 - 20 - -37 - 37
17
Calculate (-10 - 1) + 32 + (-26 - 1).
-6
Calculate -2 + 2 + 6 - (2 - 3).
7
What is the value of 10 - (16 - (-1 + -36 + 15))?
-28
Calculate (-7 - (-1 - -27)) + 34.
1
Calculate (-1 - 10) + (-371 - -385).
3
What is the value of -9 + 12 - (-12 + 17)?
-2
Calculate 160 - 144 - (-6 + 5 + 16).
1
10 + -10 + 15 + 12 + -18
9
What is 1 + (-5 + 8 - 4) + (13 - -7)?
20
What is the value of 17 - (9 + -16 - -10)?
14
Evaluate -2 + 3 + (-6 - -7) + 3.
5
234 - 213 - (7 - -1)
13
0 + -18 - (131 + -150)
1
Evaluate -102 + 87 + -1 + -3 + 7.
-12
What is the value of (1 - (-21 + 50)) + -2 + 0 + 1?
-29
Calculate -9 - ((8 - 24) + -2).
9
-3 + (-3 - 6) + 5 - (-23 - -2)
14
What is (9 - (7 + -6) - 5) + (0 - 9)?
-6
What is the value of 6 + (-4 - (7 + 4))?
-9
Calculate 21 + -27 + -15 - -15.
-6
What is -3 - (-1 + -4) - -6?
8
Calculate 12 + (1 - 36 - -15).
-8
What is the value of 337 + -333 - (3 - -32)?
-31
-6 + (3 - 3 - -17 - (-9 - -14))
6
Calculate (-88 - -104) + 8 + -5.
19
What is -44 + (34 + -51 - -46)?
-15
Evaluate 15 + -9 + -7 + 9.
8
Evaluate -2 + 2 + 6 + -10 + 3 + 7.
6
What is (-17 - 5) + -4 + (6 - (0 + -4))?
-16
Calculate -16 + 1 + 13 + (-1 - (-3 - 17)).
17
What is (-55 - (-27 - 14)) + 22?
8
Evaluate (-13 - -7) + 11 + -2.
3
Evaluate -2 - (5 + -25 + 4) - (13 - 7).
8
What is the value of (-32 - -1 - -36 - (-1 - -5)) + -5?
-4
What is the value of -2 + 17 + 4 + -38?
-19
Evaluate (3 - (1 - (0 - (-4 - -5)))) + -1.
0
Calculate -22 + 14 + -47 + 8 + 8.
-39
Calculate 23 - (45 + 0 + 1).
-23
Evaluate 9 - (13 + 7 + (-3 - 1) + 5).
-12
1 + 0 - (-1 - (-7 + 8)) - -2
5
Calculate 1553 - 1548 - (33 + 2).
-30
Evaluate 6 - ((2 - -5) + 2 + 0 + -4).
1
Calculate 7 + 14 + -16 + -2.
3
Evaluate -31 + 10 - (-1 + 0 + -2 - 2).
-16
What is the value of 11 - (-27 + 19) - 24?
-5
Calculate -79 - -44 - -24 - (-1 + 18).
-28
3 + (3 + 9 + -3 - -3) - 7
8
What is the value of -40 - (-18 - (60 + -14))?
24
What is 41 + (-30 - -53) + -44?
20
7 + -2 + -4 + 8
9
Calculate (21 - 46) + 28 - 18.
-15
(2 - 17) + -19 + (24 - 12)
-22
-105 + 122 - (9 - 0) - 18
-10
Evaluate (0 + -6 - -15) + 4.
13
What is 7 + -3 + 18 + (2 - 6)?
18
Evaluate (4 - -7 - 2) + (4 - -1).
14
Calculate 2 - (-3 + 5 + (8 - -2)).
-10
What is the value of (-6 - (4 + -8 - -1)) + 48 + -59?
-14
Evaluate 28 + 4 + -4 + -10.
18
Evaluate 6 + (7 - 11 - -1) + -7.
-4
What is 7 + (6 - (12 - 11) - (-4 + 2))?
14
Evaluate (-3 + -2 - 3) + (3 - 1).
-6
What is -17 + (10 - (15 - 18)) + 0 + 1?
-3
What is the value of -25 - (15 + (6 - 38))?
-8
Calculate 4 - (-17 + -18 + 26).
13
What is the value of 495 + -465 - (-2 + 2 + -3 + 3)?
30
-317 - -307 - (0 - 10)
0
What is the value of (6 - (12 - 19)) + (-23 - 8)?
-18
10 - 0 - (-46 - -172 - 90)
-26
Calculate -1 + -2 + -3 + 2 + -2 + -4.
-10
Evaluate -5 + 10 + (30 - (9 + -3)).
29
-14 + 2 + -2 + 14 + (-1 - 10)
-11
(0 - (-1 - -11 - -7)) + 2
-15
Evaluate -9 - (28 + (-10 - 17)).
-10
Evaluate -45 - (-21 + -7 + 11).
-28
Evaluate -299 - -267 - (-1 + -7 - (0 + 1)).
-23
Calculate (1 - (0 + 5)) + (-2 - -8) + -1.
1
Calculate -18 + (27 + -25 - -12).
-4
What is the value of -19 + -9 + 17 + -14 + 8?
-17
Evaluate (-14 - (1 + -2)) + (-69 - -119) + -50.
-13
What is 0 + -1 + 19 + (-57 - -52)?
13
What is the value of 4 + -4 - (-21 - -3)?
18
Calculate (-10 + 9 + 6 - 2) + (1 - 7).
-3
-7 + 1 + -28 + 13 + (23 - 6)
-4
What is -1 + -49 - (-39 + 5)?
-16
What is (-235 - -198) + -6 + 50?
7
What is the value of 30 + -1 + (15 + -23 - -10)?
31
What is 120 + -104 + 3 + -2?
17
(-7 + 5 - (-4 + 25 + 0)) + 6
-17
-3 - (-34 - (1 + -2 - (-2 - -8)))
24
-8 - 24 - -20 - -23
11
2 + 3 + (-10 - 0) + 3
-2
Evaluate -23 + 10 + -7 - (9 - 20).
-9
2 + (7 + -16 + 9 + 0 - 2)
0
What is the value of 11 + (-27 - (-27 - -12))?
-1
Evaluate (36 - (26 + -15)) + -33.
-8
What is 28 + -31 + (-1 + 3 - (-16 - 3))?
18
Evaluate 3 + (-3 - -6) + -9 + -1.
-4
Evaluate -2 + -7 + 8 + (-3 - (6 - 2)).
-8
Calculate 5 - ((0 - -1) + 17 + (-15 - -9)).
-7
Evaluate -3 - (-5 + -10 - -17).
-5
Evaluate (2 + 0 - 0) + (-31 - 16 - -34).
-11
Evaluate (-8 - -6) + (0 - 6 - -5).
-3
4 + 1 - (69 - 66)
2
Evaluate (-3 - (13 - 5) - 22) + 10.
-23
Evaluate (26 - 3 - (25 - 14)) + 4.
16
Evaluate -7 + 0 - ((-13 - (5 - -3)) + 13).
1
Evaluate 4 + -20 + -1 + 7.
-10
13 + 4 - (-6 + (-7 - -30) + -9)
9
Calculate -1 - -13 - (-329 - -349).
-8
What is 2 + (34 - 30) + -18?
-12
(-10 - -8 - -2) + -34 + 4
-30
What is (-7 - -14 - (2 + -3 - -7)) + 15?
16
3 + (2 - (-6 - -3)) + -12 + -8
-12
Evaluate 2 - 5 - ((-16 - -19) + -19).
13
What is 2 + 17 + (2 + 2 + -1 - 5)?
17
What is 42 + -18 + (-9 + 5 - (3 + 2))?
15
Evaluate 4 + -1 + -6 - (-9 - -5 - 2).
3
6 - (5 + -4 + 6) - 3
-4
What is 2 + -1 + (-10 - -10 - 4 - -7)?
4
What is the value of 5 + 7 - (-53 + 68)?
-3
Calculate -14 + (-5 - (-12 + -32 + 5)).
20
Evaluate 21 + -12 - (15 - 3).
-3
What is (1 - -7) + (0 + -29 - -34)?
13
What is the value of 14 + (3 - 14) - 10?
-7
Evaluate 6 - (1 + (-1 - (4 + -1 - 0))).
9
(-1 + (4 - 4 - -5) - 4) + 10
10
Evaluate 56 + 6 - (21 - -15).
26
Calculate (-8 - 7 - -8) + (4 - 1) - 9.
-13
(3 + 0 - ((-1 - -7) + 11)) + 5
-9
Evaluate 5 + -8 + (3 - 9) + -3.
-12
What is -3 + 9 + -6 + -11 + (23 - -12)?
24
What is -8 - (20 - 15 - 21)?
8
Calculate 6 + -1 + -2 + -23 + 21.
1
What is -12 - (60 + -33 - 38)?
-1
What is 9 + -3 + (48 - 57) + -10?
-13
What is -25 + (3 + -6 + 2 - (-149 + 151))?
-28
-4 + -4 + 19 + 4 + -1
14
Calculate 6 + 10 + 8 + -9.
15
Calculate -5 + (-4 - -25 - (-4 + 14)).
6
What is 16 - (0 + -2 + -3 + 11 + -4)?
14
What is -26 + 51 + 14 + -19?
20
What is -621 - -629 - (-2 - (-13 + -2))?
-5
Calculate -9 - (9 + 0 + -17).
-1
(4 - 2) + (3 - 1) + (230 - 231)
3
Calculate -18 + 18 + 2 + -6.
-4
What is the value of 4 + -5 - 0 - (21 + (-12 - -1))?
-11
Calculate 7 + -48 - (-24 - 4).
-13
Calculate (74 - 59) + -18 + 11.
8
What is the value of 1 - (7 + 10 + -2 + -30)?
16
Calculate -4 + (-24 - -23) + -12.
-17
What is 21 + 0 - (-24 + 24) - (3 - 3)?
21
What is the value of (-16 - -29) + -25 + 0?
-12
What is 21 + -28 + (0 - -6) - 4?
-5
What is the value of 16 + 4 + -27 + 25?
18
93 + -112 - (-10 + 4 + -47)
34
-323 + 289 + (4 - 2)
-32
Calculate 10 + -8 + -13 + 13.
2
What is the value of (25 - 28) + -1 + -1 - -6?
1
Calculate -4 + -14 + 33 + 7.
22
1 - -4 - (-23 + 31)
-3
Calculate -28 + 0 + (34 - 18).
-12
-1 + -2 - (-119 + 115)
1
(-12 - -13) + -5 - -18
14
What is 1 - 4 - (-3 + (0 - (-9 - -13)))?
4
(20 - (43 - 23)) + -9
-9
160 - 168 - ((9 - 0) + -4 - 50)
37
What is 13 + (-6 + -4 - (-19 + -6))?
28
Evaluate (43 - 47) + -2 + (-3 - -8) + -2.
-3
Calculate -7 - -18 - (19 + 22 - 10).
-20
What is the value of -5 - (6 + 1 + -7)?
-5
What is the value of -7 + (-3 - -17 - 10 - (-15 - -2))?
10
Calculate 7 + (-1 - -2) + -8 + 7 + 8.
15
What is 1 - 2 - (15 + (-12 - -5) - 9)?
0
28 + 6 + -14 + (-3 - -10)
27
11 - (11 + -2 - (-20 - -19))
1
Calculate 0 + -2 - (-26 - (16 + (-9 - 24))).
7
What is the value of 36 + 8 + -36 - (22 + 1)?
-15
Evaluate (-17 - (-26 - -2)) + -8.
-1
What is the value of 18 + 4 - 8 - (-1 + -5)?
20
What is the value of (2 - 8) + -5 + 3 + (-108 - -100)?
-16
Calculate 0 + (-5 - ((1 - 9) + 5)).
-2
Evaluate (16 - (-23 - -39)) + (0 - 6).
-6
Calculate 1 + 6 + 7 + (11 - 7).
18
0 + -7 + 17 + -4 + (-2 - 